igit of 1380607645?
0
What is the thousands digit of 508791897?
1
What is the billions digit of 3430712917?
3
What is the tens digit of 5399481519?
1
What is the millions digit of 2293855998?
3
What is the hundreds digit of 213950071?
0
What is the hundred millions digit of 1115991667?
1
What is the hundreds digit of 82231388?
3
What is the thousands digit of 683081177?
1
What is the millions digit of 56449395?
6
What is the millions digit of 132233578?
2
What is the thousands digit of 48383943?
3
What is the thousands digit of 179951601?
1
What is the tens digit of 429051?
5
What is the hundreds digit of 430902752?
7
What is the units digit of 194156478?
8
What is the tens digit of 189576431?
3
What is the units digit of 159211874?
4
What is the ten millions digit of 239297059?
3
What is the ten millions digit of 102644250?
0
What is the millions digit of 7920751?
7
What is the hundred thousands digit of 1889925755?
9
What is the thousands digit of 3658329163?
9
What is the ten thousands digit of 541526968?
2
What is the ten millions digit of 78453788?
7
What is the ten thousands digit of 432963262?
6
What is the ten thousands digit of 2213815238?
1
What is the ten millions digit of 1811705293?
1
What is the ten millions digit of 3562206628?
6
What is the ten thousands digit of 119681538?
8
What is the ten millions digit of 1689119323?
8
What is the hundreds digit of 37892870?
8
What is the hundred thousands digit of 6048094188?
0
What is the ten millions digit of 121424229?
2
What is the ten millions digit of 110786449?
1
What is the ten thousands digit of 167867457?
6
What is the billions digit of 3799504746?
3
What is the hundred thousands digit of 921706316?
7
What is the thousands digit of 235047907?
7
What is the millions digit of 13381016?
3
What is the hundred thousands digit of 995540082?
5
What is the hundred thousands digit of 31570610?
5
What is the hundreds digit of 135485173?
1
What is the ten millions digit of 6482630610?
8
What is the ten thousands digit of 119528200?
2
What is the thousands digit of 439978991?
8
What is the millions digit of 186044001?
6
What is the thousands digit of 40031046?
1
What is the units digit of 513437059?
9
What is the hundred thousands digit of 37068482?
0
What is the millions digit of 189219154?
9
What is the ten thousands digit of 619253708?
5
What is the hundred thousands digit of 2934032946?
0
What is the tens digit of 239756803?
0
What is the ten thousands digit of 9032187?
3
What is the thousands digit of 51033146?
3
What is the hundred thousands digit of 39352643?
3
What is the units digit of 1125412342?
2
What is the thousands digit of 171206395?
6
What is the hundreds digit of 60599105?
1
What is the tens digit of 1682575889?
8
What is the hundred millions digit of 126494288?
1
What is the hundred thousands digit of 101359972?
3
What is the hundreds digit of 1858372?
3
What is the tens digit of 298334838?
3
What is the ten thousands digit of 66257998?
5
What is the thousands digit of 16763158?
3
What is the ten millions digit of 23921749?
2
What is the millions digit of 2221001755?
1
What is the hundred thousands digit of 78042549?
0
What is the hundreds digit of 441773139?
1
What is the units digit of 16709126?
6
What is the ten millions digit of 65934103?
6
What is the tens digit of 375817702?
0
What is the units digit of 2538635606?
6
What is the thousands digit of 12169569?
9
What is the hundred thousands digit of 1161455366?
4
What is the ten thousands digit of 4056016193?
1
What is the tens digit of 955733931?
3
What is the hundred thousands digit of 892473220?
4
What is the hundreds digit of 48001479?
4
What is the tens digit of 74140510?
1
What is the thousands digit of 799222021?
2
What is the millions digit of 3130164475?
0
What is the ten thousands digit of 603496421?
9
What is the ten thousands digit of 32884142?
8
What is the millions digit of 6190529?
6
What is the hundred thousands digit of 2176734?
1
What is the tens digit of 1781397?
9
What is the hundred thousands digit of 57827285?
8
What is the units digit of 220158831?
1
What is the hundred thousands digit of 209090289?
0
What is the ten millions digit of 1827693795?
2
What is the millions digit of 424941758?
4
What is the hundred thousands digit of 8844335?
8
What is the hundred thousands digit of 2703405489?
4
What is the ten millions digit of 3057170081?
5
What is the ten millions digit of 701583419?
0
What is the ten thousands digit of 452760133?
6
What is the units digit of 4032783354?
4
What is the thousands digit of 1888145930?
5
What is the hundred thousands digit of 16092002?
0
What is the units digit of 825082552?
2
What is the ten millions digit of 175539045?
7
What is the thousands digit of 515885871?
5
What is the units digit of 873157013?
3
What is the ten thousands digit of 953884?
5
What is the units digit of 10822401?
1
What is the hundred thousands digit of 678012714?
0
What is the ten millions digit of 624603881?
2
What is the hundreds digit of 923666705?
7
What is the units digit of 6724531?
1
What is the millions digit of 21053590?
1
What is the hundreds digit of 773894557?
5
What is the millions digit of 347842579?
7
What is the hundred thousands digit of 1193308573?
3
What is the tens digit of 433227260?
6
What is the ten thousands digit of 75161974?
6
What is the hundred thousands digit of 259430738?
4
What is the hundreds digit of 3283435285?
2
What is the hundreds digit of 152287518?
5
What is the millions digit of 43822162?
3
What is the tens digit of 71815359?
5
What is the ten millions digit of 536836807?
3
What is the units digit of 385196936?
6
What is the tens digit of 325216937?
3
What is the thousands digit of 12405048?
5
What is the hundred thousands digit of 2054208992?
2
What is the units digit of 311090109?
9
What is the hundreds digit of 39178491?
4
What is the hundred thousands digit of 989433659?
4
What is the ten thousands digit of 863652471?
5
What is the tens digit of 1387180509?
0
What is the ten millions digit of 3570928877?
7
What is the thousands digit of 147521378?
1
What is the millions digit of 793854793?
3
What is the hundred thousands digit of 1419542373?
5
What is the hundreds digit of 209434379?
3
What is the millions digit of 990627498?
0
What is the millions digit of 461061485?
1
What is the tens digit of 469547740?
4
What is the millions digit of 3479423041?
9
What is the hundreds digit of 7868450?
4
What is the hundreds digit of 1051694023?
0
What is the hundred thousands digit of 1040348097?
3
What is the ten thousands digit of 1016469631?
6
What is the ten millions digit of 3795190207?
9
What is the tens digit of 214034141?
4
What is the ten thousands digit of 232168533?
6
What is the ten millions digit of 130304378?
3
What is the thousands digit of 683130610?
0
What is the units digit of 8733158?
8
What is the hundred millions digit of 739615927?
7
What is the ten thousands digit of 432344235?
4
What is the hundred thousands digit of 159304026?
3
What is the hundred millions digit of 865187363?
8
What is the thousands digit of 158616469?
6
What is the thousands digit of 26519473?
9
What is the ten millions digit of 48468413?
4
What is the thousands digit of 3415675309?
5
What is the ten millions digit of 2226090356?
2
What is the millions digit of 182184015?
2
What is the millions digit of 62344440?
2
What is the units digit of 46610469?
9
What is the billions digit of 1700475252?
1
What is the hundred thousands digit of 4348909?
3
What is the units digit of 565618658?
8
What is the hundreds digit of 1108274419?
4
What is the thousands digit of 149942569?
2
What is the units digit of 67158587?
7
What is the hundred millions digit of 2986363984?
9
What is the billions digit of 2696544653?
2
What is the millions digit of 57302749?
7
What is the hundred thousands digit of 819729512?
7
What is the units digit of 274585884?
4
What is the units digit of 14546623?
3
What is the thousands digit of 276569456?
9
What is the units digit of 106023711?
1
What is the hundreds digit of 2212549834?
8
What is the tens digit of 703186059?
5
What is the hundreds digit of 561269416?
4
What is the millions digit of 46319869?
6
What is the millions digit of 182759811?
2
Wh